 11
Let j(q) = 3*q**3 - 2*q**2 + 5*q - 1. Let w be j(4). Let k = w - 94. List the prime factors of k.
5, 17
Suppose 0*x = -x + 2. Suppose d = 2*t - 320, -5*d + 102 = -x*t + 414. What are the prime factors of t?
7, 23
Let r = 88 - -12. Let z = r + 112. List the prime factors of z.
2, 53
Let s be (48/10)/(((-5)/(-100))/1). Suppose -148*x + 144*x + s = 0. What are the prime factors of x?
2, 3
Let j = -11 - -13. Suppose 0 = -j*h + 4*t - 20, -4*h + 9 - 29 = -4*t. Suppose -19 = -h*z - z. List the prime factors of z.
19
Suppose -2*n + 12*n = 6920. What are the prime factors of n?
2, 173
Suppose 17*d + 76*d - 263469 = 0. List the prime factors of d.
2833
Let x = -657 + 1019. List the prime factors of x.
2, 181
Let h(p) = 13*p + 7. List the prime factors of h(8).
3, 37
Suppose 2*j = 18 + 56. Suppose -j - 55 = -2*f. What are the prime factors of f?
2, 23
Let n(b) = 224*b**2 + 34*b + 35. What are the prime factors of n(-1)?
3, 5
Let p(q) = -17*q + 1033. What are the prime factors of p(46)?
251
Let n(f) = 11*f**3 - f**2 + f. Let j be n(1). Let p = j - 8. Suppose 8*y - 5*q - 100 = p*y, -3*y + 4*q + 59 = 0. List the prime factors of y.
3, 7
Suppose -948 = 2*y - 2636. List the prime factors of y.
2, 211
Let a(m) be the third derivative of m**4/4 - m**3/6 + m**2. Let t be (10/15)/((-2)/(-3)). List the prime factors of a(t).
5
Suppose 0 = -21*h + 19*h + b + 3083, -5*b = -5*h + 7695. What are the prime factors of h?
2, 193
Suppose 3*i = -6, -4*q + 3237 = -2*i - 10251. What are the prime factors of q?
3371
Let t = -96 - -58. List the prime factors of ((-176)/(-6))/(t/(-57)).
2, 11
Let s(i) = 4*i**3 - 5*i**2 - i + 3. Let y be s(-3). Let q = 286 + y. List the prime factors of q.
139
Let r(j) be the first derivative of 2*j**2 + 0*j**2 - 16*j - 15 + 9 - j. What are the prime factors of r(9)?
19
Let a(p) = -p**2 - 7*p - 7. Let s be a(-5). Suppose s*w - 47 = 133. What are the prime factors of w?
2, 3, 5
Let n(z) = 395*z**3 + z**2 + 6*z - 8. What are the prime factors of n(1)?
2, 197
Suppose 2*i - j = 322 + 351, 5*i + 4*j - 1689 = 0. Let a = -29 + i. What are the prime factors of a?
2, 7, 11
Let t = -23 + 90. Suppose 4*p = w - 2*w + 2, t = 5*w + p. What are the prime factors of w?
2, 7
Let d(q) be the second derivative of -q**3/2 - q**2/2 + 9*q. What are the prime factors of d(-2)?
5
Suppose 23*j + 4 = 25*j. Let x = 1 + -1. Suppose x = 2*q - j, -5*p - 5*q + 176 = -24. What are the prime factors of p?
3, 13
Let y = -897 + 1367. Suppose 0 = 4*q - 5*h - 363, 8*q - 3*h - y = 3*q. List the prime factors of q.
97
List the prime factors of (-4705170)/(-2982) - -1*(-2)/(-14).
2, 3, 263
Suppose 0 = 3*b - 15, 4*o - 1380 = -o + 3*b. List the prime factors of o.
3, 31
Let k = 7 + -5. What are the prime factors of 72/42*21/k?
2, 3
Suppose -4*p + 14 - 2 = 0. Suppose 5*v = 7 + 8, 3*l + v = 21. Suppose 3*z + l = 0, -2*u + 42 = u - p*z. What are the prime factors of u?
2, 3
Let g(s) = s**3 - 20*s**2 - 20*s + 18. What are the prime factors of g(22)?
2, 3, 7, 13
Let d(f) = f**3 - 32*f**2 - 72*f + 14. List the prime factors of d(35).
7, 167
Let t(m) = m**2 + 13*m + 116. What are the prime factors of t(-32)?
2, 181
Let p = 118 + -91. List the prime factors of (-250)/(-3) + 18/p.
2, 3, 7
Suppose -2*f - 15 = -0*f + 3*g, -20 = -4*f + 4*g. Suppose -r - 3*k = 2*k + 1, -4*r + 4*k - 28 = f. List the prime factors of (r/3)/(4/(-22)).
11
Let q = 8 + 3. Suppose -176 = q*v - 13*v. What are the prime factors of v?
2, 11
Let t = -9 - -7. Let z(x) = -16*x. What are the prime factors of z(t)?
2
Let g = 17 - 65. List the prime factors of 2/(-16) + (-3030)/g.
3, 7
Suppose -5*b + g = -217, b = 4*g + 9 + 42. Suppose 0 = -5*r + b + 12. Suppose 4*o - r = 3*o. List the prime factors of o.
11
Let p(a) = -6*a - 1. Let n be p(-1). Suppose 5*h - n - 5 = 0. Suppose 3 = 3*t, -2*b - h*t + 4*t = -24. What are the prime factors of b?
13
Suppose 7*a - 11*a = -176. Let q(w) = w + 9. Let v be q(-7). Suppose v*k - a = k. List the prime factors of k.
2, 11
Suppose -o + 1434 + 903 = 0. List the prime factors of o.
3, 19, 41
Let j = 12 - 8. Let d(g) = -g**2 + 11*g - 6. List the prime factors of d(j).
2, 11
Let s(j) = j**2 - 13*j + 16. Let f be s(12). Let g be -1*(-8)/(-1*f). Let l(v) = -4*v + 2. What are the prime factors of l(g)?
2, 5
Let b(n) = n**3 + 46*n**2 + 73*n - 204. What are the prime factors of b(-41)?
2, 3, 7, 31
Suppose 0*k = 4*i + k - 1499, 2*i = -5*k + 763. List the prime factors of i.
2, 11, 17
Suppose 0 = b + 3*z - 391, b + 5*z = 381 - 0. What are the prime factors of b?
2, 7, 29
Let m = 42 - 41. Let d(y) = 54*y**2 + 2*y + 5. Let l(z) = -27*z**2 - z - 3. Let f(s) = 3*d(s) + 5*l(s). List the prime factors of f(m).
2, 7
What are the prime factors of ((-28)/(-224) + (-11258)/(-48))*3?
2, 11
Let w(f) = 2*f**2 + 2*f - 3. Let m(p) = 2*p + 9. Suppose 0 = -7*o + 4*o - 18. Let x be m(o). List the prime factors of w(x).
3
Suppose 2*z + 2 = 2*j, 29 = 3*z - 0*j + 5*j. Let o = -2 + z. List the prime factors of (0 + 14)/(o + 0).
2, 7
Let w(h) = 2*h**3 - h - 28. List the prime factors of w(7).
3, 7, 31
List the prime factors of (-10 - 266/(-21))/((-2)/(-168)).
2, 7
Let v be 1 + -1 + 140/4. Suppose 0*z = -5*z + v. List the prime factors of 24 - z/((-14)/4).
2, 13
Suppose 8*j = 3*j + 30. Suppose -3*q - j = -0*q. Let n(f) = -16*f - 3. List the prime factors of n(q).
29
Let z(k) = k**3 - 2*k**2 + 2*k - 1. Let i be z(2). Suppose -33 = -t + i. What are the prime factors of t?
2, 3
Let s = 57 + -18. Let k = 75 - s. List the prime factors of k.
2, 3
Let b(t) = -t**3 - t**2 + 8*t + 4. Let w be b(-3). List the prime factors of 23 + (3 - 7)/w.
5
Let v(q) = q**2 - 8*q - 24. What are the prime factors of v(-6)?
2, 3, 5
Suppose 3*w - 405 = -3*h, 0 = -4*h + 3*w - 4*w + 543. List the prime factors of h.
2, 17
Suppose -5*h - r = -1181, -h - r + 134 + 99 = 0. List the prime factors of h.
3, 79
Let z = 83 - 78. Let h = 94 - z. List the prime factors of h.
89
Let y(r) = -12*r**3 - r**2 - 3*r. What are the prime factors of y(-3)?
2, 3
Suppose 40 = 4*c - 4*r - 204, -3*c + 5*r + 177 = 0. Suppose -2*v - 4*g - 38 + 170 = 0, v + 3*g = c. What are the prime factors of v?
2, 5, 7
Suppose 3*q - 3*b = -9, q + 4*b = 3*q + 16. Suppose 0 = -a + q - 0. Suppose -v - a*v + 39 = 0. What are the prime factors of v?
13
Suppose -1850 + 578 = -6*j. Suppose 0 = -3*p - b + j, p + 0*p - 89 = -4*b. List the prime factors of p.
3, 23
Let o be (12/(-15))/((-6)/15). Suppose -5*d - o*d + 1106 = 0. What are the prime factors of d?
2, 79
Let q be (-5)/(-4)*2*6. Suppose -5*s = -5*g - 30, 3*s + s - q = -5*g. What are the prime factors of s?
5
Suppose 27*g = 31*g - 3516. What are the prime factors of g?
3, 293
Let z = 1 + 7. Let v = 89 - z. List the prime factors of v.
3
Let v(o) = -2*o**2 - 18*o - 6. Let b be v(-9). Let i(f) be the third derivative of f**5/30 + f**4/4 - 4*f**3/3 + 3*f**2. List the prime factors of i(b).
2, 7
Let c be (-1 + 2)/(1/11). Let j = c + -3. Suppose j*u - 7*u = 46. What are the prime factors of u?
2, 23
Let u = -899 + 1555. List the prime factors of u.
2, 41
Let x(s) = -s**3 + 2*s**2 + 3*s + 1. Let u be x(-2). Let z = 15 - u. Suppose -z = -4*p + 60. List the prime factors of p.
2
Let y(v) = v**3 - 31*v**2 + 35. List the prime factors of y(31).
5, 7
Let x be (-6)/9*(31 - 7). What are the prime factors of 165/6*x/(-20)?
2, 11
Let k(u) = 3*u - 2. Suppose 0 = 2*f + 3*p - 21, -3*p + 2 = -1. Let i be k(f). Let n = i - 13. What are the prime factors of n?
2, 3
Suppose -3*y - 540 = -5*w, -3*y = 3*w + 2*w - 510. Let f = -42 + w. List the prime factors of f.
3, 7
Let u = 33 + -29. Let k(x) = -4*x + x**3 - x**3 + 4 + x**3 - 3. List the prime factors of k(u).
7
Suppose i + 70 = 852. List the prime factors of i.
2, 17, 23
Suppose -2*y - y = -12, -5*y = -5*l + 20140. What are the prime factors of l?
2, 3, 7
Let q(u) = u**3 - 4*u**2 + 2. Let h be q(4). Suppose -26 = -2*a + 4*n, 3*a + 0*a + 3*n = -6. Suppose -a*v = h*v - 120. What are the prime factors of v?
2, 3
Let i(m) = 106*m**2 - 11*m - 18. List the prime factors of i(-2).
2, 107
Suppose 5*z + 12*z = 34. Let l(t) = 28*t + 7. List the prime factors of l(z).
3, 7
Let s = 2 - -2. Let v = -75 + 118. Suppose -3*o - v = -s*o. List the prime factors of o.
43
Let n(o) = -68*o + 7. Let t(b) = b**2 - 8*b - 3. Let p be 